{"id":2628,"date":"2016-04-13T07:16:48","date_gmt":"2016-04-13T07:16:48","guid":{"rendered":"https:\/\/ttbase-themetwins.c9users.io\/?page_id=2628"},"modified":"2021-11-14T18:50:11","modified_gmt":"2021-11-14T17:50:11","slug":"ueber-uns","status":"publish","type":"page","link":"https:\/\/www.fitago.de\/home\/ueber-uns\/","title":{"rendered":"\u00dcber uns"},"content":{"rendered":"<section class=\"wpb-content-wrapper\">[vc_row][vc_column]<h3 class=\"ttbase-heading text-align-left \" style=\"color: #f48460;\"><span>\u00dcber fitago<\/span><\/h3><h2 class=\"ttbase-heading text-align-left \" ><span>Mehr als nur Fitness - mehr \u00fcber uns<\/span><\/h2>[vc_column_text]fitago &#8211; steht f\u00fcr Fitness und AGO. AGO beschreibt dabei das K\u00fcrzel f\u00fcr Andreas Goretzky, den Inhaber des Studios in Glandorf.<\/p>\n<p>Allerdings geht es um mehr als nur Fitness in der M\u00fcnsterstra\u00dfe! In den ehemaligen R\u00e4umlichkeiten des Kampfsportstudios Coma (Center of Material Arts) dreht es n\u00e4mlich um Fitness, Beweglichkeit, eigene Ziele erreichen, Selbstverteidigung und einfach mal etwas f\u00fcr sich sowie den eigenen K\u00f6rper tun. Um zu verstehen, wie es zu diesem au\u00dfergew\u00f6hnlichen Studiokonzept gekommen ist, erf\u00e4hrst du hier mehr \u00fcber den Inhaber Andreas Goretzky, der das Herz des Studios ist.[\/vc_column_text][\/vc_column][\/vc_row][vc_row full_width=&#8220;stretch_row_content_no_spaces&#8220;][vc_column]\n\t\t\t<section class=\"ttbase-content-image image-square left\" style=\"background-color:;\">\n\t\t\t    <div class=\"col-md-6 image\">\n\t\t\t        <div class=\"background-image-holder\">\n\t\t\t            <img loading=\"lazy\" decoding=\"async\" width=\"966\" height=\"500\" src=\"https:\/\/www.fitago.de\/wp-content\/uploads\/2021\/11\/Ueber-uns-handball.png\" class=\"img-responsive\" alt=\"\" srcset=\"https:\/\/www.fitago.de\/wp-content\/uploads\/2021\/11\/Ueber-uns-handball.png 966w, https:\/\/www.fitago.de\/wp-content\/uploads\/2021\/11\/Ueber-uns-handball-300x155.png 300w, https:\/\/www.fitago.de\/wp-content\/uploads\/2021\/11\/Ueber-uns-handball-768x398.png 768w\" sizes=\"auto, (max-width: 966px) 100vw, 966px\" \/>\n\t\t\t        <\/div>\n\t\t\t    <\/div>\n\t\t\t    <div class=\"col-md-6 col-md-offset-1 content\">\n\t\t\t    \t<div class=\"inner-content\">\n\t\t\t    \t\t\t<h2 class=\"ttbase-heading text-align-left \" style=\"color: undefined;margin-bottom: 30px;margin-top: 30px;\"><span>Das Gesicht hinter fitago<\/span><\/h2><p class=\"intro left\" style=\"color:#707573;\">Sport ein Leben lang<\/p>\n<div class=\"ttbase-spacer\" style=\"height: 30px;\"><\/div>\n<p>Sport pr\u00e4gte schon immer das Leben des geb\u00fcrtigen Hamburgers. 20 Jahre Handball, 20 Jahre Bodybuilding, 20 Jahre Kampfsport und 5 Jahre Selbstverteidigung brauchte es bevor er sich seine jahrelange Erfahrung mit einer B Trainer Lizenz offiziell best\u00e4tigen lie\u00df und den Schritt zu dem eigenen Studio wagte.\n\t\t\t    \t<\/div>\n\t\t\t    <\/div>\n\t\t\t<\/section>\n\t\t[\/vc_column][\/vc_row][vc_row full_width=&#8220;stretch_row_content_no_spaces&#8220;][vc_column]\n\t\t\t<section class=\"ttbase-content-image image-square right\" style=\"background-color:;\">\n\t\t\t    <div class=\"col-md-6 image\">\n\t\t\t        <div class=\"background-image-holder\">\n\t\t\t            <img loading=\"lazy\" decoding=\"async\" width=\"966\" height=\"500\" src=\"https:\/\/www.fitago.de\/wp-content\/uploads\/2021\/11\/Ueber-uns-handball-1.png\" class=\"img-responsive\" alt=\"\" srcset=\"https:\/\/www.fitago.de\/wp-content\/uploads\/2021\/11\/Ueber-uns-handball-1.png 966w, https:\/\/www.fitago.de\/wp-content\/uploads\/2021\/11\/Ueber-uns-handball-1-300x155.png 300w, https:\/\/www.fitago.de\/wp-content\/uploads\/2021\/11\/Ueber-uns-handball-1-768x398.png 768w\" sizes=\"auto, (max-width: 966px) 100vw, 966px\" \/>\n\t\t\t        <\/div>\n\t\t\t    <\/div>\n\t\t\t    <div class=\"col-md-6 content\">\n\t        \t\t<div class=\"inner-content\">\n\t\t    \t\t\t<h2 class=\"ttbase-heading text-align-left \" style=\"color: undefined;margin-bottom: 30px;margin-top: 30px;\"><span>Ein Leben neben dem Sport<\/span><\/h2><p class=\"intro left\" style=\"color:#707573;\">fitago als Nebenberuf<\/p>\n<div class=\"ttbase-spacer\" style=\"height: 30px;\"><\/div>\n<p>AGO &#8211; das ist Andreas K\u00fcrzel als IT Manager bei einem gro\u00dfen Logistiker in Osnabr\u00fcck, wo er hauptberuflich t\u00e4tig ist. Mit 15 Jahren Erfahrung im weltweiten Management begegnet auch er den t\u00e4glichen Herausforderungen, die Arbeit mit sich bringt. Gut, dass er auch das Gegenmittel f\u00fcr Stress &amp; Co. kennt: Bewegung, Ausgleich und manchmal einfach auf einen Sandsack einschlagen.\n\t\t\t    \t<\/div>\n\t\t\t    <\/div>\n\t\t\t<\/section>\n\t\t[\/vc_column][\/vc_row]\n<\/section>","protected":false},"excerpt":{"rendered":"<p>[vc_row][vc_column][vc_column_text]fitago &#8211; steht f\u00fcr Fitness und AGO. AGO beschreibt dabei das K\u00fcrzel f\u00fcr Andreas Goretzky, den Inhaber des Studios in Glandorf. Allerdings geht es um mehr als nur Fitness in der M\u00fcnsterstra\u00dfe! In den ehemaligen R\u00e4umlichkeiten des Kampfsportstudios Coma (Center of Material Arts) dreht es n\u00e4mlich um Fitness, Beweglichkeit, eigene Ziele erreichen, Selbstverteidigung und einfach&#8230;<\/p>\n<div class=\"read-more-link-wrapper text-center\"><a class=\"read-more-link\" href=\"https:\/\/www.fitago.de\/home\/ueber-uns\/\"><i class=\"icon-next\"><\/i>Read more<\/a><\/div>\n","protected":false},"author":2,"featured_media":0,"parent":0,"menu_order":0,"comment_status":"closed","ping_status":"closed","template":"","meta":{"footnotes":""},"class_list":["post-2628","page","type-page","status-publish","hentry"],"yoast_head":"<!-- This site is optimized with the Yoast SEO plugin v25.6 - https:\/\/yoast.com\/wordpress\/plugins\/seo\/ -->\n<title>\u00dcber uns - fitago<\/title>\n<meta name=\"robots\" content=\"index, follow, max-snippet:-1, max-image-preview:large, max-video-preview:-1\" \/>\n<link rel=\"canonical\" href=\"https:\/\/www.fitago.de\/home\/ueber-uns\/\" \/>\n<meta property=\"og:locale\" content=\"de_DE\" \/>\n<meta property=\"og:type\" content=\"article\" \/>\n<meta property=\"og:title\" content=\"\u00dcber uns - fitago\" \/>\n<meta property=\"og:description\" content=\"[vc_row][vc_column][vc_column_text]fitago &#8211; steht f\u00fcr Fitness und AGO. AGO beschreibt dabei das K\u00fcrzel f\u00fcr Andreas Goretzky, den Inhaber des Studios in Glandorf. Allerdings geht es um mehr als nur Fitness in der M\u00fcnsterstra\u00dfe! In den ehemaligen R\u00e4umlichkeiten des Kampfsportstudios Coma (Center of Material Arts) dreht es n\u00e4mlich um Fitness, Beweglichkeit, eigene Ziele erreichen, Selbstverteidigung und einfach...Read more\" \/>\n<meta property=\"og:url\" content=\"https:\/\/www.fitago.de\/home\/ueber-uns\/\" \/>\n<meta property=\"og:site_name\" content=\"fitago\" \/>\n<meta property=\"article:publisher\" content=\"https:\/\/www.facebook.com\/fitago.glandorf\" \/>\n<meta property=\"article:modified_time\" content=\"2021-11-14T17:50:11+00:00\" \/>\n<meta name=\"twitter:card\" content=\"summary_large_image\" \/>\n<meta name=\"twitter:label1\" content=\"Gesch\u00e4tzte Lesezeit\" \/>\n\t<meta name=\"twitter:data1\" content=\"2\u00a0Minuten\" \/>\n<script type=\"application\/ld+json\" class=\"yoast-schema-graph\">{\"@context\":\"https:\/\/schema.org\",\"@graph\":[{\"@type\":\"WebPage\",\"@id\":\"https:\/\/www.fitago.de\/home\/ueber-uns\/\",\"url\":\"https:\/\/www.fitago.de\/home\/ueber-uns\/\",\"name\":\"\u00dcber uns - fitago\",\"isPartOf\":{\"@id\":\"https:\/\/www.fitago.de\/home\/#website\"},\"datePublished\":\"2016-04-13T07:16:48+00:00\",\"dateModified\":\"2021-11-14T17:50:11+00:00\",\"breadcrumb\":{\"@id\":\"https:\/\/www.fitago.de\/home\/ueber-uns\/#breadcrumb\"},\"inLanguage\":\"de\",\"potentialAction\":[{\"@type\":\"ReadAction\",\"target\":[\"https:\/\/www.fitago.de\/home\/ueber-uns\/\"]}]},{\"@type\":\"BreadcrumbList\",\"@id\":\"https:\/\/www.fitago.de\/home\/ueber-uns\/#breadcrumb\",\"itemListElement\":[{\"@type\":\"ListItem\",\"position\":1,\"name\":\"Startseite\",\"item\":\"https:\/\/www.fitago.de\/home\/\"},{\"@type\":\"ListItem\",\"position\":2,\"name\":\"\u00dcber uns\"}]},{\"@type\":\"WebSite\",\"@id\":\"https:\/\/www.fitago.de\/home\/#website\",\"url\":\"https:\/\/www.fitago.de\/home\/\",\"name\":\"fitago\",\"description\":\"Mehr als nur Fitness\",\"publisher\":{\"@id\":\"https:\/\/www.fitago.de\/home\/#organization\"},\"potentialAction\":[{\"@type\":\"SearchAction\",\"target\":{\"@type\":\"EntryPoint\",\"urlTemplate\":\"https:\/\/www.fitago.de\/home\/?s={search_term_string}\"},\"query-input\":{\"@type\":\"PropertyValueSpecification\",\"valueRequired\":true,\"valueName\":\"search_term_string\"}}],\"inLanguage\":\"de\"},{\"@type\":\"Organization\",\"@id\":\"https:\/\/www.fitago.de\/home\/#organization\",\"name\":\"fitago\",\"url\":\"https:\/\/www.fitago.de\/home\/\",\"logo\":{\"@type\":\"ImageObject\",\"inLanguage\":\"de\",\"@id\":\"https:\/\/www.fitago.de\/home\/#\/schema\/logo\/image\/\",\"url\":\"https:\/\/www.fitago.de\/wp-content\/uploads\/2021\/11\/Logo_fitago_rgb_01-neu.png\",\"contentUrl\":\"https:\/\/www.fitago.de\/wp-content\/uploads\/2021\/11\/Logo_fitago_rgb_01-neu.png\",\"width\":451,\"height\":289,\"caption\":\"fitago\"},\"image\":{\"@id\":\"https:\/\/www.fitago.de\/home\/#\/schema\/logo\/image\/\"},\"sameAs\":[\"https:\/\/www.facebook.com\/fitago.glandorf\"]}]}<\/script>\n<!-- \/ Yoast SEO plugin. -->","yoast_head_json":{"title":"\u00dcber uns - fitago","robots":{"index":"index","follow":"follow","max-snippet":"max-snippet:-1","max-image-preview":"max-image-preview:large","max-video-preview":"max-video-preview:-1"},"canonical":"https:\/\/www.fitago.de\/home\/ueber-uns\/","og_locale":"de_DE","og_type":"article","og_title":"\u00dcber uns - fitago","og_description":"[vc_row][vc_column][vc_column_text]fitago &#8211; steht f\u00fcr Fitness und AGO. AGO beschreibt dabei das K\u00fcrzel f\u00fcr Andreas Goretzky, den Inhaber des Studios in Glandorf. Allerdings geht es um mehr als nur Fitness in der M\u00fcnsterstra\u00dfe! In den ehemaligen R\u00e4umlichkeiten des Kampfsportstudios Coma (Center of Material Arts) dreht es n\u00e4mlich um Fitness, Beweglichkeit, eigene Ziele erreichen, Selbstverteidigung und einfach...Read more","og_url":"https:\/\/www.fitago.de\/home\/ueber-uns\/","og_site_name":"fitago","article_publisher":"https:\/\/www.facebook.com\/fitago.glandorf","article_modified_time":"2021-11-14T17:50:11+00:00","twitter_card":"summary_large_image","twitter_misc":{"Gesch\u00e4tzte Lesezeit":"2\u00a0Minuten"},"schema":{"@context":"https:\/\/schema.org","@graph":[{"@type":"WebPage","@id":"https:\/\/www.fitago.de\/home\/ueber-uns\/","url":"https:\/\/www.fitago.de\/home\/ueber-uns\/","name":"\u00dcber uns - fitago","isPartOf":{"@id":"https:\/\/www.fitago.de\/home\/#website"},"datePublished":"2016-04-13T07:16:48+00:00","dateModified":"2021-11-14T17:50:11+00:00","breadcrumb":{"@id":"https:\/\/www.fitago.de\/home\/ueber-uns\/#breadcrumb"},"inLanguage":"de","potentialAction":[{"@type":"ReadAction","target":["https:\/\/www.fitago.de\/home\/ueber-uns\/"]}]},{"@type":"BreadcrumbList","@id":"https:\/\/www.fitago.de\/home\/ueber-uns\/#breadcrumb","itemListElement":[{"@type":"ListItem","position":1,"name":"Startseite","item":"https:\/\/www.fitago.de\/home\/"},{"@type":"ListItem","position":2,"name":"\u00dcber uns"}]},{"@type":"WebSite","@id":"https:\/\/www.fitago.de\/home\/#website","url":"https:\/\/www.fitago.de\/home\/","name":"fitago","description":"Mehr als nur Fitness","publisher":{"@id":"https:\/\/www.fitago.de\/home\/#organization"},"potentialAction":[{"@type":"SearchAction","target":{"@type":"EntryPoint","urlTemplate":"https:\/\/www.fitago.de\/home\/?s={search_term_string}"},"query-input":{"@type":"PropertyValueSpecification","valueRequired":true,"valueName":"search_term_string"}}],"inLanguage":"de"},{"@type":"Organization","@id":"https:\/\/www.fitago.de\/home\/#organization","name":"fitago","url":"https:\/\/www.fitago.de\/home\/","logo":{"@type":"ImageObject","inLanguage":"de","@id":"https:\/\/www.fitago.de\/home\/#\/schema\/logo\/image\/","url":"https:\/\/www.fitago.de\/wp-content\/uploads\/2021\/11\/Logo_fitago_rgb_01-neu.png","contentUrl":"https:\/\/www.fitago.de\/wp-content\/uploads\/2021\/11\/Logo_fitago_rgb_01-neu.png","width":451,"height":289,"caption":"fitago"},"image":{"@id":"https:\/\/www.fitago.de\/home\/#\/schema\/logo\/image\/"},"sameAs":["https:\/\/www.facebook.com\/fitago.glandorf"]}]}},"_links":{"self":[{"href":"https:\/\/www.fitago.de\/home\/wp-json\/wp\/v2\/pages\/2628","targetHints":{"allow":["GET"]}}],"collection":[{"href":"https:\/\/www.fitago.de\/home\/wp-json\/wp\/v2\/pages"}],"about":[{"href":"https:\/\/www.fitago.de\/home\/wp-json\/wp\/v2\/types\/page"}],"author":[{"embeddable":true,"href":"https:\/\/www.fitago.de\/home\/wp-json\/wp\/v2\/users\/2"}],"replies":[{"embeddable":true,"href":"https:\/\/www.fitago.de\/home\/wp-json\/wp\/v2\/comments?post=2628"}],"version-history":[{"count":8,"href":"https:\/\/www.fitago.de\/home\/wp-json\/wp\/v2\/pages\/2628\/revisions"}],"predecessor-version":[{"id":3622,"href":"https:\/\/www.fitago.de\/home\/wp-json\/wp\/v2\/pages\/2628\/revisions\/3622"}],"wp:attachment":[{"href":"https:\/\/www.fitago.de\/home\/wp-json\/wp\/v2\/media?parent=2628"}],"curies":[{"name":"wp","href":"https:\/\/api.w.org\/{rel}","templated":true}]}}